{"id":2928,"date":"2025-02-16T14:22:20","date_gmt":"2025-02-16T13:22:20","guid":{"rendered":"https:\/\/www.aosforex.com\/?page_id=2928"},"modified":"2025-07-20T16:25:25","modified_gmt":"2025-07-20T14:25:25","slug":"choosy-trader-vip","status":"publish","type":"page","link":"https:\/\/www.aosforex.com\/?page_id=2928","title":{"rendered":"Choosy Trader VIP"},"content":{"rendered":"\t\t<div data-elementor-type=\"wp-page\" data-elementor-id=\"2928\" class=\"elementor elementor-2928\">\n\t\t\t\t<div class=\"elementor-element elementor-element-f5ef859 e-flex e-con-boxed e-con e-parent\" data-id=\"f5ef859\" data-element_type=\"container\" data-e-type=\"container\">\n\t\t\t\t\t<div class=\"e-con-inner\">\n\t\t\t\t<div class=\"elementor-element elementor-element-338afac elementor-widget elementor-widget-image\" data-id=\"338afac\" data-element_type=\"widget\" data-e-type=\"widget\" data-widget_type=\"image.default\">\n\t\t\t\t<div class=\"elementor-widget-container\">\n\t\t\t\t\t\t\t\t\t\t\t\t\t\t\t<img fetchpriority=\"high\" decoding=\"async\" width=\"1024\" height=\"137\" src=\"https:\/\/www.aosforex.com\/wp-content\/uploads\/2025\/02\/zaklady_tradingu_obchodujte-1024x137.jpg\" class=\"attachment-large size-large wp-image-2772\" alt=\"\" srcset=\"https:\/\/www.aosforex.com\/wp-content\/uploads\/2025\/02\/zaklady_tradingu_obchodujte-1024x137.jpg 1024w, https:\/\/www.aosforex.com\/wp-content\/uploads\/2025\/02\/zaklady_tradingu_obchodujte-300x40.jpg 300w, https:\/\/www.aosforex.com\/wp-content\/uploads\/2025\/02\/zaklady_tradingu_obchodujte-768x102.jpg 768w, https:\/\/www.aosforex.com\/wp-content\/uploads\/2025\/02\/zaklady_tradingu_obchodujte-600x80.jpg 600w, https:\/\/www.aosforex.com\/wp-content\/uploads\/2025\/02\/zaklady_tradingu_obchodujte.jpg 1050w\" sizes=\"(max-width: 1024px) 100vw, 1024px\" \/>\t\t\t\t\t\t\t\t\t\t\t\t\t\t\t<\/div>\n\t\t\t\t<\/div>\n\t\t\t\t\t<\/div>\n\t\t\t\t<\/div>\n\t\t<div class=\"elementor-element elementor-element-5017961 e-flex e-con-boxed e-con e-parent\" data-id=\"5017961\" data-element_type=\"container\" data-e-type=\"container\">\n\t\t\t\t\t<div class=\"e-con-inner\">\n\t\t\t\t<div class=\"elementor-element elementor-element-b9b0b08 elementor-widget elementor-widget-heading\" data-id=\"b9b0b08\" data-element_type=\"widget\" data-e-type=\"widget\" data-widget_type=\"heading.default\">\n\t\t\t\t<div class=\"elementor-widget-container\">\n\t\t\t\t\t<h2 class=\"elementor-heading-title elementor-size-default\">Choosy Trader VIP<\/h2>\t\t\t\t<\/div>\n\t\t\t\t<\/div>\n\t\t\t\t\t<\/div>\n\t\t\t\t<\/div>\n\t\t<div class=\"elementor-element elementor-element-14445c7 e-flex e-con-boxed e-con e-parent\" data-id=\"14445c7\" data-element_type=\"container\" data-e-type=\"container\">\n\t\t\t\t\t<div class=\"e-con-inner\">\n\t\t\t\t<div class=\"elementor-element elementor-element-6e742f5 elementor-widget elementor-widget-text-editor\" data-id=\"6e742f5\" data-element_type=\"widget\" data-e-type=\"widget\" data-widget_type=\"text-editor.default\">\n\t\t\t\t<div class=\"elementor-widget-container\">\n\t\t\t\t\t\t\t\t\t<p>Je na\u0161a strat\u00e9gia v u\u017e\u00edvate\u013eskom prostred\u00ed spolo\u010dnosti <a href=\"http:\/\/www.purple-trading.com\/cs\/\" target=\"_blank\" rel=\"noopener\">Purple Trading<\/a>. Pripoji\u0165 sa v pr\u00edpade z\u00e1ujmu m\u00f4\u017eete jedine tak, \u017ee sa zaregistrujete a dostanete pr\u00edstup do <a href=\"https:\/\/zone.purple-trading.com\" target=\"_blank\" rel=\"noopener\">PurpleZone<\/a>. Tam u\u017e sta\u010d\u00ed v sekci\u00ed Strategie n\u00e1js\u0165 obchodn\u00fd syst\u00e9m Choosy Trader a klin\u00fa\u0165 na tla\u010d\u00edtko &#8222;P\u0159ipojit se ke strat\u00e9gii&#8220;.<\/p>\t\t\t\t\t\t\t\t<\/div>\n\t\t\t\t<\/div>\n\t\t\t\t\t<\/div>\n\t\t\t\t<\/div>\n\t\t<div class=\"elementor-element elementor-element-9c3cc8e e-flex e-con-boxed e-con e-parent\" data-id=\"9c3cc8e\" data-element_type=\"container\" data-e-type=\"container\">\n\t\t\t\t\t<div class=\"e-con-inner\">\n\t\t\t\t<div class=\"elementor-element elementor-element-a1f2584 elementor-widget elementor-widget-image\" data-id=\"a1f2584\" data-element_type=\"widget\" data-e-type=\"widget\" data-widget_type=\"image.default\">\n\t\t\t\t<div class=\"elementor-widget-container\">\n\t\t\t\t\t\t\t\t\t\t\t\t\t\t\t<img decoding=\"async\" width=\"1024\" height=\"433\" src=\"https:\/\/www.aosforex.com\/wp-content\/uploads\/2025\/07\/Snimka-obrazovky-2025-07-20-162252-1024x433.png\" class=\"attachment-large size-large wp-image-3523\" alt=\"\" srcset=\"https:\/\/www.aosforex.com\/wp-content\/uploads\/2025\/07\/Snimka-obrazovky-2025-07-20-162252-1024x433.png 1024w, https:\/\/www.aosforex.com\/wp-content\/uploads\/2025\/07\/Snimka-obrazovky-2025-07-20-162252-300x127.png 300w, https:\/\/www.aosforex.com\/wp-content\/uploads\/2025\/07\/Snimka-obrazovky-2025-07-20-162252-768x325.png 768w, https:\/\/www.aosforex.com\/wp-content\/uploads\/2025\/07\/Snimka-obrazovky-2025-07-20-162252-600x254.png 600w, https:\/\/www.aosforex.com\/wp-content\/uploads\/2025\/07\/Snimka-obrazovky-2025-07-20-162252.png 1315w\" sizes=\"(max-width: 1024px) 100vw, 1024px\" \/>\t\t\t\t\t\t\t\t\t\t\t\t\t\t\t<\/div>\n\t\t\t\t<\/div>\n\t\t\t\t\t<\/div>\n\t\t\t\t<\/div>\n\t\t<div class=\"elementor-element elementor-element-05d1830 e-flex e-con-boxed e-con e-parent\" data-id=\"05d1830\" data-element_type=\"container\" data-e-type=\"container\">\n\t\t\t\t\t<div class=\"e-con-inner\">\n\t\t\t\t<div class=\"elementor-element elementor-element-25b032d elementor-widget elementor-widget-text-editor\" data-id=\"25b032d\" data-element_type=\"widget\" data-e-type=\"widget\" data-widget_type=\"text-editor.default\">\n\t\t\t\t<div class=\"elementor-widget-container\">\n\t\t\t\t\t\t\t\t\t<p>D\u00f4le\u017eit\u00e9 pametre o na\u0161ej strat\u00e9gii n\u00e1jdete v ni\u017e\u0161ie prilo\u017een\u00fdch podrobnostiach. Do pozornosti d\u00e1vame predov\u0161etk\u00fdm Poplatky, CapitalGuard a Minim\u00e1lny vklad.<\/p>\t\t\t\t\t\t\t\t<\/div>\n\t\t\t\t<\/div>\n\t\t\t\t\t<\/div>\n\t\t\t\t<\/div>\n\t\t<div class=\"elementor-element elementor-element-59e4a23 e-flex e-con-boxed e-con e-parent\" data-id=\"59e4a23\" data-element_type=\"container\" data-e-type=\"container\">\n\t\t\t\t\t<div class=\"e-con-inner\">\n\t\t\t\t<div class=\"elementor-element elementor-element-d1253db elementor-widget elementor-widget-image\" data-id=\"d1253db\" data-element_type=\"widget\" data-e-type=\"widget\" data-widget_type=\"image.default\">\n\t\t\t\t<div class=\"elementor-widget-container\">\n\t\t\t\t\t\t\t\t\t\t\t\t\t\t\t<img decoding=\"async\" width=\"1024\" height=\"270\" src=\"https:\/\/www.aosforex.com\/wp-content\/uploads\/2025\/07\/Snimka-obrazovky-2025-07-20-162416-1024x270.png\" class=\"attachment-large size-large wp-image-3524\" alt=\"\" srcset=\"https:\/\/www.aosforex.com\/wp-content\/uploads\/2025\/07\/Snimka-obrazovky-2025-07-20-162416-1024x270.png 1024w, https:\/\/www.aosforex.com\/wp-content\/uploads\/2025\/07\/Snimka-obrazovky-2025-07-20-162416-300x79.png 300w, https:\/\/www.aosforex.com\/wp-content\/uploads\/2025\/07\/Snimka-obrazovky-2025-07-20-162416-768x202.png 768w, https:\/\/www.aosforex.com\/wp-content\/uploads\/2025\/07\/Snimka-obrazovky-2025-07-20-162416-600x158.png 600w, https:\/\/www.aosforex.com\/wp-content\/uploads\/2025\/07\/Snimka-obrazovky-2025-07-20-162416.png 1317w\" sizes=\"(max-width: 1024px) 100vw, 1024px\" \/>\t\t\t\t\t\t\t\t\t\t\t\t\t\t\t<\/div>\n\t\t\t\t<\/div>\n\t\t\t\t\t<\/div>\n\t\t\t\t<\/div>\n\t\t<div class=\"elementor-element elementor-element-c2ac1a8 e-flex e-con-boxed e-con e-parent\" data-id=\"c2ac1a8\" data-element_type=\"container\" data-e-type=\"container\">\n\t\t\t\t\t<div class=\"e-con-inner\">\n\t\t\t\t<div class=\"elementor-element elementor-element-db07951 elementor-widget elementor-widget-text-editor\" data-id=\"db07951\" data-element_type=\"widget\" data-e-type=\"widget\" data-widget_type=\"text-editor.default\">\n\t\t\t\t<div class=\"elementor-widget-container\">\n\t\t\t\t\t\t\t\t\t<p>Pre \u00fapln\u00fa transparentnos\u0165 a sledovanie v\u00fdkonu na tejto str\u00e1nke zverej\u0148ujeme aj pr\u00edstup do verejnej \u010dasti slu\u017eby myfxbook. D\u00e1ta k zobrazeniu grafu nie s\u00fa live. Upgrade je roben\u00fd 2-3x t\u00fd\u017edenne.<\/p>\t\t\t\t\t\t\t\t<\/div>\n\t\t\t\t<\/div>\n\t\t\t\t\t<\/div>\n\t\t\t\t<\/div>\n\t\t<div class=\"elementor-element elementor-element-7e9ddfd e-flex e-con-boxed e-con e-parent\" data-id=\"7e9ddfd\" data-element_type=\"container\" data-e-type=\"container\">\n\t\t\t\t\t<div class=\"e-con-inner\">\n\t\t\t\t<div class=\"elementor-element elementor-element-1573624 elementor-widget elementor-widget-image\" data-id=\"1573624\" data-element_type=\"widget\" data-e-type=\"widget\" data-widget_type=\"image.default\">\n\t\t\t\t<div class=\"elementor-widget-container\">\n\t\t\t\t\t\t\t\t\t\t\t\t\t\t\t\t<a href=\"https:\/\/www.myfxbook.com\/members\/Brano74\/mt4-choosy-trader-vip\/11345854\" target=\"_blank\">\n\t\t\t\t\t\t\t<img loading=\"lazy\" decoding=\"async\" width=\"928\" height=\"474\" src=\"https:\/\/www.aosforex.com\/wp-content\/uploads\/2025\/07\/Snimka-obrazovky-2025-07-17-220033.png\" class=\"attachment-large size-large wp-image-3484\" alt=\"\" srcset=\"https:\/\/www.aosforex.com\/wp-content\/uploads\/2025\/07\/Snimka-obrazovky-2025-07-17-220033.png 928w, https:\/\/www.aosforex.com\/wp-content\/uploads\/2025\/07\/Snimka-obrazovky-2025-07-17-220033-300x153.png 300w, https:\/\/www.aosforex.com\/wp-content\/uploads\/2025\/07\/Snimka-obrazovky-2025-07-17-220033-768x392.png 768w, https:\/\/www.aosforex.com\/wp-content\/uploads\/2025\/07\/Snimka-obrazovky-2025-07-17-220033-600x306.png 600w\" sizes=\"(max-width: 928px) 100vw, 928px\" \/>\t\t\t\t\t\t\t\t<\/a>\n\t\t\t\t\t\t\t\t\t\t\t\t\t\t\t<\/div>\n\t\t\t\t<\/div>\n\t\t\t\t\t<\/div>\n\t\t\t\t<\/div>\n\t\t<div class=\"elementor-element elementor-element-9d97e5b e-flex e-con-boxed e-con e-parent\" data-id=\"9d97e5b\" data-element_type=\"container\" data-e-type=\"container\">\n\t\t\t\t\t<div class=\"e-con-inner\">\n\t\t\t\t<div class=\"elementor-element elementor-element-ba416e3 elementor-align-center elementor-widget elementor-widget-button\" data-id=\"ba416e3\" data-element_type=\"widget\" data-e-type=\"widget\" data-widget_type=\"button.default\">\n\t\t\t\t<div class=\"elementor-widget-container\">\n\t\t\t\t\t\t\t\t\t<div class=\"elementor-button-wrapper\">\n\t\t\t\t\t<a class=\"elementor-button elementor-button-link elementor-size-sm\" href=\"https:\/\/www.aosforex.com\/?page_id=2871\">\n\t\t\t\t\t\t<span class=\"elementor-button-content-wrapper\">\n\t\t\t\t\t\t<span class=\"elementor-button-icon\">\n\t\t\t\t<svg aria-hidden=\"true\" class=\"e-font-icon-svg e-fas-level-up-alt\" viewBox=\"0 0 320 512\" xmlns=\"http:\/\/www.w3.org\/2000\/svg\"><path d=\"M313.553 119.669L209.587 7.666c-9.485-10.214-25.676-10.229-35.174 0L70.438 119.669C56.232 134.969 67.062 160 88.025 160H152v272H68.024a11.996 11.996 0 0 0-8.485 3.515l-56 56C-4.021 499.074 1.333 512 12.024 512H208c13.255 0 24-10.745 24-24V160h63.966c20.878 0 31.851-24.969 17.587-40.331z\"><\/path><\/svg>\t\t\t<\/span>\n\t\t\t\t\t\t\t\t\t<span class=\"elementor-button-text\">Sp\u00e4\u0165<\/span>\n\t\t\t\t\t<\/span>\n\t\t\t\t\t<\/a>\n\t\t\t\t<\/div>\n\t\t\t\t\t\t\t\t<\/div>\n\t\t\t\t<\/div>\n\t\t\t\t\t<\/div>\n\t\t\t\t<\/div>\n\t\t\t\t<\/div>\n\t\t","protected":false},"excerpt":{"rendered":"<p>Choosy Trader VIP Je na\u0161a strat\u00e9gia v u\u017e\u00edvate\u013eskom prostred\u00ed spolo\u010dnosti Purple Trading. Pripoji\u0165 sa v pr\u00edpade z\u00e1ujmu m\u00f4\u017eete jedine tak, \u017ee sa zaregistrujete a dostanete pr\u00edstup do PurpleZone. Tam u\u017e sta\u010d\u00ed v sekci\u00ed Strategie n\u00e1js\u0165 obchodn\u00fd syst\u00e9m Choosy Trader a klin\u00fa\u0165 na tla\u010d\u00edtko &#8222;P\u0159ipojit se ke strat\u00e9gii&#8220;. D\u00f4le\u017eit\u00e9 pametre o na\u0161ej strat\u00e9gii n\u00e1jdete v ni\u017e\u0161ie &#8230; <a title=\"Choosy Trader VIP\" class=\"read-more\" href=\"https:\/\/www.aosforex.com\/?page_id=2928\" aria-label=\"Pre\u010d\u00edtajte si viac o Choosy Trader VIP\">\u010c\u00edta\u0165 viac<\/a><\/p>\n","protected":false},"author":1,"featured_media":0,"parent":0,"menu_order":0,"comment_status":"closed","ping_status":"closed","template":"","meta":{"footnotes":""},"class_list":["post-2928","page","type-page","status-publish"],"_links":{"self":[{"href":"https:\/\/www.aosforex.com\/index.php?rest_route=\/wp\/v2\/pages\/2928","targetHints":{"allow":["GET"]}}],"collection":[{"href":"https:\/\/www.aosforex.com\/index.php?rest_route=\/wp\/v2\/pages"}],"about":[{"href":"https:\/\/www.aosforex.com\/index.php?rest_route=\/wp\/v2\/types\/page"}],"author":[{"embeddable":true,"href":"https:\/\/www.aosforex.com\/index.php?rest_route=\/wp\/v2\/users\/1"}],"replies":[{"embeddable":true,"href":"https:\/\/www.aosforex.com\/index.php?rest_route=%2Fwp%2Fv2%2Fcomments&post=2928"}],"version-history":[{"count":55,"href":"https:\/\/www.aosforex.com\/index.php?rest_route=\/wp\/v2\/pages\/2928\/revisions"}],"predecessor-version":[{"id":3527,"href":"https:\/\/www.aosforex.com\/index.php?rest_route=\/wp\/v2\/pages\/2928\/revisions\/3527"}],"wp:attachment":[{"href":"https:\/\/www.aosforex.com\/index.php?rest_route=%2Fwp%2Fv2%2Fmedia&parent=2928"}],"curies":[{"name":"wp","href":"https:\/\/api.w.org\/{rel}","templated":true}]}}